the prime factors of 5588072?
2, 7, 99787
List the prime factors of 1881836.
2, 11, 19, 2251
List the prime factors of 8295238.
2, 7, 592517
What are the prime factors of 260396?
2, 65099
What are the prime factors of 219535?
5, 23, 83
List the prime factors of 9526217.
9526217
List the prime factors of 41093.
13, 29, 109
What are the prime factors of 1468400?
2, 5, 3671
What are the prime factors of 564984?
2, 3, 7, 19, 59
List the prime factors of 267312.
2, 3, 5569
What are the prime factors of 732128?
2, 137, 167
List the prime factors of 977330.
2, 5, 17, 5749
List the prime factors of 13390687.
19, 67, 157
List the prime factors of 19656952.
2, 7, 173, 2029
What are the prime factors of 861422?
2, 19, 22669
List the prime factors of 3476409.
3, 37, 31319
List the prime factors of 134154.
2, 3, 29, 257
What are the prime factors of 141515?
5, 11, 31, 83
What are the prime factors of 649438?
2, 443, 733
List the prime factors of 535263.
3, 67, 2663
List the prime factors of 1783474.
2, 7, 11, 37, 313
List the prime factors of 153495.
3, 5, 379
List the prime factors of 3492139.
7, 277, 1801
List the prime factors of 250275.
3, 5, 47, 71
What are the prime factors of 399606?
2, 3, 66601
What are the prime factors of 10902010?
2, 5, 7, 19, 1171
What are the prime factors of 1115384?
2, 139423
What are the prime factors of 94405?
5, 79, 239
What are the prime factors of 2027143?
103, 19681
What are the prime factors of 19263191?
19263191
What are the prime factors of 1808921?
1808921
What are the prime factors of 239461?
239461
What are the prime factors of 485344?
2, 29, 523
What are the prime factors of 6221611?
11, 109, 5189
What are the prime factors of 125364?
2, 3, 31, 337
List the prime factors of 3588005.
5, 103, 6967
List the prime factors of 12935511.
3, 659, 727
What are the prime factors of 242514?
2, 3, 499
List the prime factors of 144455.
5, 167, 173
List the prime factors of 3194875.
5, 61, 419
What are the prime factors of 177479?
19, 9341
List the prime factors of 129276.
2, 3, 7, 19
List the prime factors of 1839591.
3, 13, 1747
List the prime factors of 728075.
5, 29123
List the prime factors of 158180.
2, 5, 11, 719
What are the prime factors of 2481684?
2, 3, 206807
List the prime factors of 11115163.
11115163
List the prime factors of 8411806.
2, 13, 41, 607
What are the prime factors of 4273577?
7, 11, 55501
What are the prime factors of 248376?
2, 3, 79, 131
List the prime factors of 3478714.
2, 1739357
What are the prime factors of 233638?
2, 116819
List the prime factors of 453582.
2, 3, 113, 223
List the prime factors of 5763287.
79, 72953
What are the prime factors of 136761?
3, 45587
List the prime factors of 1026881.
23, 44647
List the prime factors of 2105894.
2, 7, 359, 419
What are the prime factors of 1817072?
2, 113567
List the prime factors of 6300121.
6300121
List the prime factors of 501841.
501841
List the prime factors of 11384640.
2, 3, 5, 59, 67
List the prime factors of 19683208.
2, 491, 5011
What are the prime factors of 13805777?
13805777
What are the prime factors of 1428060?
2, 3, 5, 23801
What are the prime factors of 1893005?
5, 378601
List the prime factors of 5286754.
2, 11, 59, 4073
What are the prime factors of 428850?
2, 3, 5, 953
List the prime factors of 434074.
2, 19, 11423
List the prime factors of 1854917.
1854917
What are the prime factors of 35558035?
5, 7111607
List the prime factors of 85948.
2, 21487
List the prime factors of 13221197.
11, 97, 12391
List the prime factors of 2776265.
5, 555253
List the prime factors of 2409915.
3, 5, 347, 463
What are the prime factors of 34851571?
34851571
What are the prime factors of 1991837?
1991837
What are the prime factors of 3636468?
2, 3, 11, 3061
What are the prime factors of 728631?
3, 19, 4261
What are the prime factors of 3853517?
31, 197, 631
What are the prime factors of 408220?
2, 5, 20411
What are the prime factors of 33679?
33679
What are the prime factors of 2793437?
19, 233, 631
List the prime factors of 248929.
23, 79, 137
What are the prime factors of 30008786?
2, 1217, 12329
What are the prime factors of 51795?
3, 5, 1151
What are the prime factors of 852416?
2, 19, 701
What are the prime factors of 1307315?
5, 261463
What are the prime factors of 1414158?
2, 3, 31, 7603
What are the prime factors of 27022998?
2, 3, 4503833
What are the prime factors of 190763?
190763
List the prime factors of 13551653.
1871, 7243
What are the prime factors of 140123?
140123
What are the prime factors of 161022?
2, 3, 47, 571
What are the prime factors of 14481?
3, 1609
What are the prime factors of 13345515?
3, 5, 71, 4177
List the prime factors of 49330.
2, 5, 4933
What are the prime factors of 346746?
2, 3, 57791
List the prime factors of 1020057.
3, 71, 4789
What are the prime factors of 684042?
2, 3, 173, 659
What are the prime factors of 423712?
2, 13241
What are the prime factors of 313284?
2, 3, 26107
List the prime factors of 220652.
2, 55163
What are the prime factors of 188240?
2, 5, 13, 181
List the prime factors of 16306866.
2, 3, 301979
List the prime factors of 6829485.
3, 5, 13, 35023
What are the prime factors of 280053?
3, 29, 37
List the prime factors of 790545.
3, 5, 7, 7529
What are the prime factors of 30381729?
3, 7, 677, 2137
What are the prime factors of 43113?
3, 7, 2053
What are the prime factors of 1064425?
5, 42577
List the prime factors of 261388.
2, 101, 647
List the prime factors of 8640717.
3, 2880239
What are the prime factors of 77750?
2, 5, 311
List the prime factors of 1525793.
61, 25013
What are the prime factors of 21259777?
7, 11, 39443
List the prime factors of 96672.
2, 3, 19, 53
What are the prime factors of 981578?
2, 13, 19, 1987
What are the prime factors of 2901764?
2, 17, 139, 307
List the prime factors of 168876.
2, 3, 4691
What are the prime factors of 594284?
2, 101, 1471
List the prime factors of 191385.
3, 5, 4253
List the prime factors of 1747562.
2, 873781
List the prime factors of 661415.
5, 132283
List the prime factors of 212666.
2, 113, 941
What are the prime factors of 2610229?
43, 60703
List the prime factors of 929142.
2, 3, 41, 1259
What are the prime factors of 130564?
2, 7, 4663
What are the prime factors of 2162300?
2, 5, 7, 3089
What are the prime factors of 78555?
3, 5, 5237
What are the prime factors of 4757958?
2, 3, 264331
What are the prime factors of 1818006?
2, 3, 53, 5717
What are the prime factors of 1448534?
2, 724267
List the prime factors of 7335564.
2, 3, 611297
List the prime factors of 390546.
2, 3, 13, 1669
What are the prime factors of 3969649?
3969649
List the prime factors of 674854.
2, 337427
List the prime factors of 11885176.
2, 17, 281, 311
What are the prime factors of 97152?
2, 3, 11, 23
What are the prime factors of 113931?
3, 12659
List the prime factors of 27993455.
5, 7, 114259
List the prime factors of 312682.
2, 79, 1979
List the prime factors of 175374.
2, 3, 9743
What are the prime factors of 6271452?
2, 3, 11, 5279
What are the prime factors of 57753?
3, 23, 31
What are the prime factors of 6932927?
829, 8363
List the prime factors of 16072794.
2, 3, 892933
List the prime factors of 3250347.
3, 1083449
List the prime factors of 12096418.
2, 17, 355777
List the prime factors of 32054853.
3, 10684951
List the prime factors of 227064.
2, 3, 9461
List the prime factors of 388692.
2, 3, 59, 61
What are the prime factors of 325459?
325459
What are the prime factors of 216378?
2, 3, 4007
List the prime factors of 307848.
2, 3, 101, 127
What are the prime factors of 611447?
617, 991
What are the prime factors of 5873023?
13, 451771
List the prime factors of 2701821.
3, 900607
What are the prime factors of 492302?
2, 246151
What are the prime factors of 10480?
2, 5, 131
What are the prime factors of 2359142?
2, 1179571
List the prime factors of 236394.
2, 3, 23, 571
What are the prime factors of 276223?
281, 983
What are the prime factors of 880310?
2, 5, 47, 1873
What are the prime factors of 1922174?
2, 961087
List the prime factors of 263141.
271, 971
What are the prime factors of 5382398?
2, 7, 41, 9377
List the prime factors of 1454523.
3, 7, 69263
List the prime factors of 616254.
2, 3, 271, 379
What are the prime factors of 1128299?
1128